{"id":101,"date":"2022-08-19T11:25:21","date_gmt":"2022-08-19T09:25:21","guid":{"rendered":"https:\/\/fitspa.de\/?page_id=101"},"modified":"2022-08-19T21:35:38","modified_gmt":"2022-08-19T19:35:38","slug":"aussichtsturm","status":"publish","type":"page","link":"https:\/\/fitspa.de\/?page_id=101","title":{"rendered":"Aussichtsturm"},"content":{"rendered":"\n<figure class=\"wp-block-image size-large is-resized\"><img loading=\"lazy\" src=\"https:\/\/fitspa.de\/wp-content\/uploads\/IMG_20210905_143247_Turm-2048x1536.jpg\" alt=\"\" class=\"wp-image-69\" width=\"840\" height=\"630\"\/><\/figure>\n\n\n\n<div class=\"wp-block-columns alignwide\">\n<div class=\"wp-elements-1 wp-block-column has-text-color has-background has-link-color\" style=\"background-color:#ffe97d;color:#000000;padding-top:2em;padding-right:2em;padding-bottom:2em;padding-left:2em\">\n<figure class=\"wp-block-image size-large is-resized\"><img loading=\"lazy\" src=\"https:\/\/fitspa.de\/wp-content\/uploads\/IMG_20210905_142009_edit_WP-768x1024.jpg\" alt=\"\" class=\"wp-image-48\" width=\"183\" height=\"244\" srcset=\"https:\/\/fitspa.de\/wp-content\/uploads\/IMG_20210905_142009_edit_WP-768x1024.jpg 768w, https:\/\/fitspa.de\/wp-content\/uploads\/IMG_20210905_142009_edit_WP-225x300.jpg 225w, https:\/\/fitspa.de\/wp-content\/uploads\/IMG_20210905_142009_edit_WP-1152x1536.jpg 1152w, https:\/\/fitspa.de\/wp-content\/uploads\/IMG_20210905_142009_edit_WP-1536x2048.jpg 1536w, https:\/\/fitspa.de\/wp-content\/uploads\/IMG_20210905_142009_edit_WP.jpg 1920w\" sizes=\"(max-width: 183px) 100vw, 183px\" \/><\/figure>\n<\/div>\n\n\n\n<div class=\"wp-elements-2 wp-block-column has-text-color has-background has-link-color\" style=\"background-color:#d1d1e1;color:#000000;padding-top:2em;padding-right:2em;padding-bottom:2em;padding-left:2em\">\n<figure class=\"wp-block-image size-large\"><img loading=\"lazy\" width=\"768\" height=\"1024\" src=\"https:\/\/fitspa.de\/wp-content\/uploads\/IMG_20210905_143601_edit_WP-1-768x1024.jpg\" alt=\"\" class=\"wp-image-54\" srcset=\"https:\/\/fitspa.de\/wp-content\/uploads\/IMG_20210905_143601_edit_WP-1-768x1024.jpg 768w, https:\/\/fitspa.de\/wp-content\/uploads\/IMG_20210905_143601_edit_WP-1-225x300.jpg 225w, https:\/\/fitspa.de\/wp-content\/uploads\/IMG_20210905_143601_edit_WP-1-1152x1536.jpg 1152w, https:\/\/fitspa.de\/wp-content\/uploads\/IMG_20210905_143601_edit_WP-1-1536x2048.jpg 1536w, https:\/\/fitspa.de\/wp-content\/uploads\/IMG_20210905_143601_edit_WP-1.jpg 1920w\" sizes=\"(max-width: 768px) 100vw, 768px\" \/><\/figure>\n<\/div>\n\n\n\n<div class=\"wp-elements-3 wp-block-column has-text-color has-background has-link-color\" style=\"background-color:#c0ebf1;color:#000000;padding-top:2em;padding-right:2em;padding-bottom:2em;padding-left:2em\">\n<figure class=\"wp-block-image size-large\"><img loading=\"lazy\" width=\"763\" height=\"1024\" src=\"https:\/\/fitspa.de\/wp-content\/uploads\/IMG_20210905_140753_edit_WP-3-763x1024.jpg\" alt=\"\" class=\"wp-image-44\" srcset=\"https:\/\/fitspa.de\/wp-content\/uploads\/IMG_20210905_140753_edit_WP-3-763x1024.jpg 763w, https:\/\/fitspa.de\/wp-content\/uploads\/IMG_20210905_140753_edit_WP-3-224x300.jpg 224w, https:\/\/fitspa.de\/wp-content\/uploads\/IMG_20210905_140753_edit_WP-3-768x1030.jpg 768w, https:\/\/fitspa.de\/wp-content\/uploads\/IMG_20210905_140753_edit_WP-3-1145x1536.jpg 1145w, https:\/\/fitspa.de\/wp-content\/uploads\/IMG_20210905_140753_edit_WP-3-1526x2048.jpg 1526w, https:\/\/fitspa.de\/wp-content\/uploads\/IMG_20210905_140753_edit_WP-3.jpg 1908w\" sizes=\"(max-width: 763px) 100vw, 763px\" \/><\/figure>\n<\/div>\n<\/div>\n\n\n\n<p><strong>Der Aussichtsturm<\/strong> in 700m H\u00f6he \u00fcber dem Meeresspiegel erm\u00f6glicht einen Rundum-Blick bis zu den Schweizer Alpen. Was genau zu sehen ist, wird auf den angebrachten Aussichtstafeln ausf\u00fchrlich beschrieben:<\/p>\n\n\n\n<div class=\"wp-block-columns\">\n<div class=\"wp-block-column\" style=\"flex-basis:100%\">\n<div class=\"wp-block-jetpack-tiled-gallery aligncenter is-style-rectangular\"><div class=\"tiled-gallery__gallery\"><div class=\"tiled-gallery__row\"><div class=\"tiled-gallery__col\" style=\"flex-basis:100.00000%\"><figure class=\"tiled-gallery__item\"><img srcset=\"https:\/\/i2.wp.com\/fitspa.de\/wp-content\/uploads\/IMG_20210905_142800_edit_WP.jpg?strip=info&#038;w=600&#038;ssl=1 600w,https:\/\/i2.wp.com\/fitspa.de\/wp-content\/uploads\/IMG_20210905_142800_edit_WP.jpg?strip=info&#038;w=900&#038;ssl=1 900w,https:\/\/i2.wp.com\/fitspa.de\/wp-content\/uploads\/IMG_20210905_142800_edit_WP.jpg?strip=info&#038;w=1200&#038;ssl=1 1200w,https:\/\/i2.wp.com\/fitspa.de\/wp-content\/uploads\/IMG_20210905_142800_edit_WP.jpg?strip=info&#038;w=1500&#038;ssl=1 1500w,https:\/\/i2.wp.com\/fitspa.de\/wp-content\/uploads\/IMG_20210905_142800_edit_WP.jpg?strip=info&#038;w=1800&#038;ssl=1 1800w,https:\/\/i2.wp.com\/fitspa.de\/wp-content\/uploads\/IMG_20210905_142800_edit_WP.jpg?strip=info&#038;w=2000&#038;ssl=1 2000w\" alt=\"\" data-height=\"509\" data-id=\"49\" data-link=\"https:\/\/fitspa.de\/?attachment_id=49\" data-url=\"https:\/\/fitspa.de\/wp-content\/uploads\/IMG_20210905_142800_edit_WP.jpg\" data-width=\"2560\" src=\"https:\/\/i2.wp.com\/fitspa.de\/wp-content\/uploads\/IMG_20210905_142800_edit_WP.jpg?ssl=1\" data-amp-layout=\"responsive\"\/><\/figure><\/div><\/div><div class=\"tiled-gallery__row\"><div class=\"tiled-gallery__col\" style=\"flex-basis:100.00000%\"><figure class=\"tiled-gallery__item\"><img srcset=\"https:\/\/i1.wp.com\/fitspa.de\/wp-content\/uploads\/IMG_20210905_142817_WP.jpg?strip=info&#038;w=600&#038;ssl=1 600w,https:\/\/i1.wp.com\/fitspa.de\/wp-content\/uploads\/IMG_20210905_142817_WP.jpg?strip=info&#038;w=900&#038;ssl=1 900w,https:\/\/i1.wp.com\/fitspa.de\/wp-content\/uploads\/IMG_20210905_142817_WP.jpg?strip=info&#038;w=1200&#038;ssl=1 1200w,https:\/\/i1.wp.com\/fitspa.de\/wp-content\/uploads\/IMG_20210905_142817_WP.jpg?strip=info&#038;w=1500&#038;ssl=1 1500w,https:\/\/i1.wp.com\/fitspa.de\/wp-content\/uploads\/IMG_20210905_142817_WP.jpg?strip=info&#038;w=1800&#038;ssl=1 1800w,https:\/\/i1.wp.com\/fitspa.de\/wp-content\/uploads\/IMG_20210905_142817_WP.jpg?strip=info&#038;w=2000&#038;ssl=1 2000w\" alt=\"\" data-height=\"550\" data-id=\"50\" data-link=\"https:\/\/fitspa.de\/?attachment_id=50\" data-url=\"https:\/\/fitspa.de\/wp-content\/uploads\/IMG_20210905_142817_WP.jpg\" data-width=\"2560\" src=\"https:\/\/i1.wp.com\/fitspa.de\/wp-content\/uploads\/IMG_20210905_142817_WP.jpg?ssl=1\" data-amp-layout=\"responsive\"\/><\/figure><\/div><\/div><div class=\"tiled-gallery__row\"><div class=\"tiled-gallery__col\" style=\"flex-basis:100.00000%\"><figure class=\"tiled-gallery__item\"><img srcset=\"https:\/\/i0.wp.com\/fitspa.de\/wp-content\/uploads\/IMG_20210905_141946_edit_WP.jpg?strip=info&#038;w=600&#038;ssl=1 600w,https:\/\/i0.wp.com\/fitspa.de\/wp-content\/uploads\/IMG_20210905_141946_edit_WP.jpg?strip=info&#038;w=900&#038;ssl=1 900w,https:\/\/i0.wp.com\/fitspa.de\/wp-content\/uploads\/IMG_20210905_141946_edit_WP.jpg?strip=info&#038;w=1200&#038;ssl=1 1200w,https:\/\/i0.wp.com\/fitspa.de\/wp-content\/uploads\/IMG_20210905_141946_edit_WP.jpg?strip=info&#038;w=1500&#038;ssl=1 1500w,https:\/\/i0.wp.com\/fitspa.de\/wp-content\/uploads\/IMG_20210905_141946_edit_WP.jpg?strip=info&#038;w=1800&#038;ssl=1 1800w,https:\/\/i0.wp.com\/fitspa.de\/wp-content\/uploads\/IMG_20210905_141946_edit_WP.jpg?strip=info&#038;w=2000&#038;ssl=1 2000w\" alt=\"\" data-height=\"929\" data-id=\"47\" data-link=\"https:\/\/fitspa.de\/?attachment_id=47\" data-url=\"https:\/\/fitspa.de\/wp-content\/uploads\/IMG_20210905_141946_edit_WP.jpg\" data-width=\"2560\" src=\"https:\/\/i0.wp.com\/fitspa.de\/wp-content\/uploads\/IMG_20210905_141946_edit_WP.jpg?ssl=1\" data-amp-layout=\"responsive\"\/><\/figure><\/div><\/div><div class=\"tiled-gallery__row\"><div class=\"tiled-gallery__col\" style=\"flex-basis:100.00000%\"><figure class=\"tiled-gallery__item\"><img srcset=\"https:\/\/i2.wp.com\/fitspa.de\/wp-content\/uploads\/IMG_20210905_141901_edit_WP.jpg?strip=info&#038;w=600&#038;ssl=1 600w,https:\/\/i2.wp.com\/fitspa.de\/wp-content\/uploads\/IMG_20210905_141901_edit_WP.jpg?strip=info&#038;w=900&#038;ssl=1 900w,https:\/\/i2.wp.com\/fitspa.de\/wp-content\/uploads\/IMG_20210905_141901_edit_WP.jpg?strip=info&#038;w=1200&#038;ssl=1 1200w,https:\/\/i2.wp.com\/fitspa.de\/wp-content\/uploads\/IMG_20210905_141901_edit_WP.jpg?strip=info&#038;w=1500&#038;ssl=1 1500w,https:\/\/i2.wp.com\/fitspa.de\/wp-content\/uploads\/IMG_20210905_141901_edit_WP.jpg?strip=info&#038;w=1800&#038;ssl=1 1800w,https:\/\/i2.wp.com\/fitspa.de\/wp-content\/uploads\/IMG_20210905_141901_edit_WP.jpg?strip=info&#038;w=2000&#038;ssl=1 2000w\" alt=\"\" data-height=\"806\" data-id=\"46\" data-link=\"https:\/\/fitspa.de\/?attachment_id=46\" data-url=\"https:\/\/fitspa.de\/wp-content\/uploads\/IMG_20210905_141901_edit_WP.jpg\" data-width=\"2560\" src=\"https:\/\/i2.wp.com\/fitspa.de\/wp-content\/uploads\/IMG_20210905_141901_edit_WP.jpg?ssl=1\" data-amp-layout=\"responsive\"\/><\/figure><\/div><\/div><div class=\"tiled-gallery__row\"><div class=\"tiled-gallery__col\" style=\"flex-basis:100.00000%\"><figure class=\"tiled-gallery__item\"><img srcset=\"https:\/\/i1.wp.com\/fitspa.de\/wp-content\/uploads\/IMG_20210905_143855_edit_WP.jpg?strip=info&#038;w=600&#038;ssl=1 600w,https:\/\/i1.wp.com\/fitspa.de\/wp-content\/uploads\/IMG_20210905_143855_edit_WP.jpg?strip=info&#038;w=900&#038;ssl=1 900w,https:\/\/i1.wp.com\/fitspa.de\/wp-content\/uploads\/IMG_20210905_143855_edit_WP.jpg?strip=info&#038;w=1200&#038;ssl=1 1200w,https:\/\/i1.wp.com\/fitspa.de\/wp-content\/uploads\/IMG_20210905_143855_edit_WP.jpg?strip=info&#038;w=1500&#038;ssl=1 1500w,https:\/\/i1.wp.com\/fitspa.de\/wp-content\/uploads\/IMG_20210905_143855_edit_WP.jpg?strip=info&#038;w=1800&#038;ssl=1 1800w,https:\/\/i1.wp.com\/fitspa.de\/wp-content\/uploads\/IMG_20210905_143855_edit_WP.jpg?strip=info&#038;w=2000&#038;ssl=1 2000w\" alt=\"\" data-height=\"842\" data-id=\"55\" data-link=\"https:\/\/fitspa.de\/?attachment_id=55\" data-url=\"https:\/\/fitspa.de\/wp-content\/uploads\/IMG_20210905_143855_edit_WP.jpg\" data-width=\"2560\" src=\"https:\/\/i1.wp.com\/fitspa.de\/wp-content\/uploads\/IMG_20210905_143855_edit_WP.jpg?ssl=1\" data-amp-layout=\"responsive\"\/><\/figure><\/div><\/div><\/div><\/div>\n<\/div>\n<\/div>\n\n\n\n<p class=\"has-text-align-center\">Auch ein hervorragend geeigneter Platz f\u00fcr Sonnenunterg\u00e4nge:<\/p>\n\n\n\n<div class=\"wp-block-jetpack-slideshow aligncenter\" data-autoplay=\"true\" data-delay=\"3\" data-effect=\"slide\"><div class=\"wp-block-jetpack-slideshow_container swiper-container\"><ul class=\"wp-block-jetpack-slideshow_swiper-wrapper swiper-wrapper\"><li class=\"wp-block-jetpack-slideshow_slide swiper-slide\"><figure><img loading=\"lazy\" width=\"1024\" height=\"768\" alt=\"\" class=\"wp-block-jetpack-slideshow_image wp-image-163\" data-id=\"163\" src=\"https:\/\/fitspa.de\/wp-content\/uploads\/IMG_20220819_204313_EDIT-1024x768.jpg\" srcset=\"https:\/\/fitspa.de\/wp-content\/uploads\/IMG_20220819_204313_EDIT-1024x768.jpg 1024w, https:\/\/fitspa.de\/wp-content\/uploads\/IMG_20220819_204313_EDIT-300x225.jpg 300w, https:\/\/fitspa.de\/wp-content\/uploads\/IMG_20220819_204313_EDIT-768x576.jpg 768w, https:\/\/fitspa.de\/wp-content\/uploads\/IMG_20220819_204313_EDIT-1536x1152.jpg 1536w, https:\/\/fitspa.de\/wp-content\/uploads\/IMG_20220819_204313_EDIT-2048x1536.jpg 2048w\" sizes=\"(max-width: 1024px) 100vw, 1024px\" \/><\/figure><\/li><li class=\"wp-block-jetpack-slideshow_slide swiper-slide\"><figure><img loading=\"lazy\" width=\"768\" height=\"1024\" alt=\"\" class=\"wp-block-jetpack-slideshow_image wp-image-160\" data-id=\"160\" src=\"https:\/\/fitspa.de\/wp-content\/uploads\/IMG_20220819_203459_EDIT-768x1024.jpg\" srcset=\"https:\/\/fitspa.de\/wp-content\/uploads\/IMG_20220819_203459_EDIT-768x1024.jpg 768w, https:\/\/fitspa.de\/wp-content\/uploads\/IMG_20220819_203459_EDIT-225x300.jpg 225w, https:\/\/fitspa.de\/wp-content\/uploads\/IMG_20220819_203459_EDIT-1152x1536.jpg 1152w, https:\/\/fitspa.de\/wp-content\/uploads\/IMG_20220819_203459_EDIT-1536x2048.jpg 1536w, https:\/\/fitspa.de\/wp-content\/uploads\/IMG_20220819_203459_EDIT-scaled.jpg 1920w\" sizes=\"(max-width: 768px) 100vw, 768px\" \/><\/figure><\/li><li class=\"wp-block-jetpack-slideshow_slide swiper-slide\"><figure><img loading=\"lazy\" width=\"1024\" height=\"768\" alt=\"\" class=\"wp-block-jetpack-slideshow_image wp-image-159\" data-id=\"159\" src=\"https:\/\/fitspa.de\/wp-content\/uploads\/IMG_20220819_203011_EDIT-1024x768.jpg\" srcset=\"https:\/\/fitspa.de\/wp-content\/uploads\/IMG_20220819_203011_EDIT-1024x768.jpg 1024w, https:\/\/fitspa.de\/wp-content\/uploads\/IMG_20220819_203011_EDIT-300x225.jpg 300w, https:\/\/fitspa.de\/wp-content\/uploads\/IMG_20220819_203011_EDIT-768x576.jpg 768w, https:\/\/fitspa.de\/wp-content\/uploads\/IMG_20220819_203011_EDIT-1536x1152.jpg 1536w, https:\/\/fitspa.de\/wp-content\/uploads\/IMG_20220819_203011_EDIT-2048x1536.jpg 2048w\" sizes=\"(max-width: 1024px) 100vw, 1024px\" \/><\/figure><\/li><li class=\"wp-block-jetpack-slideshow_slide swiper-slide\"><figure><img loading=\"lazy\" width=\"1024\" height=\"768\" alt=\"\" class=\"wp-block-jetpack-slideshow_image wp-image-158\" data-id=\"158\" src=\"https:\/\/fitspa.de\/wp-content\/uploads\/IMG_20220819_201457_EDIT-1024x768.jpg\" srcset=\"https:\/\/fitspa.de\/wp-content\/uploads\/IMG_20220819_201457_EDIT-1024x768.jpg 1024w, https:\/\/fitspa.de\/wp-content\/uploads\/IMG_20220819_201457_EDIT-300x225.jpg 300w, https:\/\/fitspa.de\/wp-content\/uploads\/IMG_20220819_201457_EDIT-768x576.jpg 768w, https:\/\/fitspa.de\/wp-content\/uploads\/IMG_20220819_201457_EDIT-1536x1152.jpg 1536w, https:\/\/fitspa.de\/wp-content\/uploads\/IMG_20220819_201457_EDIT-2048x1536.jpg 2048w\" sizes=\"(max-width: 1024px) 100vw, 1024px\" \/><\/figure><\/li><\/ul><a class=\"wp-block-jetpack-slideshow_button-prev swiper-button-prev swiper-button-white\" role=\"button\"><\/a><a class=\"wp-block-jetpack-slideshow_button-next swiper-button-next swiper-button-white\" role=\"button\"><\/a><a aria-label=\"Pause Slideshow\" class=\"wp-block-jetpack-slideshow_button-pause\" role=\"button\"><\/a><div class=\"wp-block-jetpack-slideshow_pagination swiper-pagination swiper-pagination-white\"><\/div><\/div><\/div>\n\n\n\n<p class=\"has-text-align-center\">Webcams auf dem Aussichtsturm:<\/p>\n\n\n\n<iframe loading=\"lazy\" src=\"https:\/\/webcam.sulz360.de\/duerrenmettstetten\/\" width=\"100%\" height=\"600\" frameborder=\"0\" scrolling=\"no\" marginheight=\"0\" marginwidth=\"0\"> <\/iframe>\n\n\n\n<p><em>fotos: fitSPA.de<\/em><\/p>\n","protected":false},"excerpt":{"rendered":"<p>Der Aussichtsturm in 700m H\u00f6he \u00fcber dem Meeresspiegel erm\u00f6glicht einen Rundum-Blick bis zu den Schweizer Alpen. Was genau zu sehen ist, wird auf den angebrachten Aussichtstafeln ausf\u00fchrlich beschrieben: Auch ein hervorragend geeigneter Platz f\u00fcr Sonnenunterg\u00e4nge: Webcams auf dem Aussichtsturm: fotos: fitSPA.de<\/p>\n","protected":false},"author":1,"featured_media":0,"parent":0,"menu_order":0,"comment_status":"closed","ping_status":"closed","template":"","meta":[],"_links":{"self":[{"href":"https:\/\/fitspa.de\/index.php?rest_route=\/wp\/v2\/pages\/101"}],"collection":[{"href":"https:\/\/fitspa.de\/index.php?rest_route=\/wp\/v2\/pages"}],"about":[{"href":"https:\/\/fitspa.de\/index.php?rest_route=\/wp\/v2\/types\/page"}],"author":[{"embeddable":true,"href":"https:\/\/fitspa.de\/index.php?rest_route=\/wp\/v2\/users\/1"}],"replies":[{"embeddable":true,"href":"https:\/\/fitspa.de\/index.php?rest_route=%2Fwp%2Fv2%2Fcomments&post=101"}],"version-history":[{"count":7,"href":"https:\/\/fitspa.de\/index.php?rest_route=\/wp\/v2\/pages\/101\/revisions"}],"predecessor-version":[{"id":168,"href":"https:\/\/fitspa.de\/index.php?rest_route=\/wp\/v2\/pages\/101\/revisions\/168"}],"wp:attachment":[{"href":"https:\/\/fitspa.de\/index.php?rest_route=%2Fwp%2Fv2%2Fmedia&parent=101"}],"curies":[{"name":"wp","href":"https:\/\/api.w.org\/{rel}","templated":true}]}}